{"id":303,"date":"2021-11-14T16:35:41","date_gmt":"2021-11-14T15:35:41","guid":{"rendered":"https:\/\/pasteleledolls.com\/?page_id=303"},"modified":"2021-11-14T16:37:50","modified_gmt":"2021-11-14T15:37:50","slug":"kontakt","status":"publish","type":"page","link":"https:\/\/pasteleledolls.com\/index.php\/pl\/kontakt\/","title":{"rendered":"Kontakt"},"content":{"rendered":"\n<div class=\"wp-block-media-text alignwide is-stacked-on-mobile\"><figure class=\"wp-block-media-text__media\"><img loading=\"lazy\" width=\"683\" height=\"1024\" src=\"https:\/\/pasteleledolls.com\/wp-content\/uploads\/2021\/11\/1-11-683x1024.jpg\" alt=\"\" class=\"wp-image-244 size-full\" srcset=\"https:\/\/pasteleledolls.com\/wp-content\/uploads\/2021\/11\/1-11-683x1024.jpg 683w, https:\/\/pasteleledolls.com\/wp-content\/uploads\/2021\/11\/1-11-200x300.jpg 200w, https:\/\/pasteleledolls.com\/wp-content\/uploads\/2021\/11\/1-11-768x1152.jpg 768w, https:\/\/pasteleledolls.com\/wp-content\/uploads\/2021\/11\/1-11-1024x1536.jpg 1024w, https:\/\/pasteleledolls.com\/wp-content\/uploads\/2021\/11\/1-11-1365x2048.jpg 1365w, https:\/\/pasteleledolls.com\/wp-content\/uploads\/2021\/11\/1-11-300x450.jpg 300w, https:\/\/pasteleledolls.com\/wp-content\/uploads\/2021\/11\/1-11-850x1275.jpg 850w, https:\/\/pasteleledolls.com\/wp-content\/uploads\/2021\/11\/1-11-scaled.jpg 1707w\" sizes=\"(max-width: 683px) 100vw, 683px\" \/><\/figure><div class=\"wp-block-media-text__content\">\n<p class=\"has-medium-font-size\">                                                           Napisz do mnie na adres: <a href=\"mailto:pasteleledolls@gmail.com\">pasteleledolls@gmail.com<\/a><\/p>\n\n\n\n<p class=\"has-medium-font-size\">Moje prace mo\u017cesz obejrze\u0107 na: <a href=\"http:\/\/www.facebook.com\/pastelele\" target=\"_blank\" rel=\"noreferrer noopener\" title=\"www.facebook.com\/pastelele\">www.facebook.com\/pastelele<\/a> <a href=\"http:\/\/www.instagram.com\/pastelele_dolls\" target=\"_blank\" rel=\"noreferrer noopener\" title=\"www.instagram.com\/pastelele_dolls\">www.instagram.com<\/a><a href=\"http:\/\/www.instagram.com\/pastelele_dolls\" title=\"www.instagram.com\/pastelele_dolls\">\/pastelele_dolls<\/a><\/p>\n\n\n\n<p class=\"has-medium-font-size\">Je\u015bli co\u015b szczeg\u00f3lnie Ci si\u0119 spodoba, mo\u017cesz to kupi\u0107 tutaj: <a href=\"http:\/\/www.etsy.com\/shop\/PasteleleDolls\" target=\"_blank\" rel=\"noreferrer noopener\" title=\"www.etsy.com\/shop\/PasteleleDolls\">www.etsy.com\/shop\/PasteleleDolls<\/a><\/p>\n<\/div><\/div>\n\n\n\n<p><\/p>\n","protected":false},"excerpt":{"rendered":"<p>Napisz do mnie na adres: pasteleledolls@gmail.com Moje prace mo\u017cesz obejrze\u0107 na: www.facebook.com\/pastelele www.instagram.com\/pastelele_dolls Je\u015bli co\u015b szczeg\u00f3lnie Ci si\u0119 spodoba, mo\u017cesz to kupi\u0107 tutaj: www.etsy.com\/shop\/PasteleleDolls<\/p>\n","protected":false},"author":1,"featured_media":0,"parent":0,"menu_order":0,"comment_status":"closed","ping_status":"closed","template":"","meta":{"_monsterinsights_skip_tracking":false,"_monsterinsights_sitenote_active":false,"_monsterinsights_sitenote_note":"","_monsterinsights_sitenote_category":0},"aioseo_notices":[],"_links":{"self":[{"href":"https:\/\/pasteleledolls.com\/index.php\/wp-json\/wp\/v2\/pages\/303"}],"collection":[{"href":"https:\/\/pasteleledolls.com\/index.php\/wp-json\/wp\/v2\/pages"}],"about":[{"href":"https:\/\/pasteleledolls.com\/index.php\/wp-json\/wp\/v2\/types\/page"}],"author":[{"embeddable":true,"href":"https:\/\/pasteleledolls.com\/index.php\/wp-json\/wp\/v2\/users\/1"}],"replies":[{"embeddable":true,"href":"https:\/\/pasteleledolls.com\/index.php\/wp-json\/wp\/v2\/comments?post=303"}],"version-history":[{"count":2,"href":"https:\/\/pasteleledolls.com\/index.php\/wp-json\/wp\/v2\/pages\/303\/revisions"}],"predecessor-version":[{"id":307,"href":"https:\/\/pasteleledolls.com\/index.php\/wp-json\/wp\/v2\/pages\/303\/revisions\/307"}],"wp:attachment":[{"href":"https:\/\/pasteleledolls.com\/index.php\/wp-json\/wp\/v2\/media?parent=303"}],"curies":[{"name":"wp","href":"https:\/\/api.w.org\/{rel}","templated":true}]}}